Suppose 5*q - 3 + 13 = 0, -66 = -t + 4*q. Calculate the remainder when t is divided by 20.
18
Suppose 4*v - 3 = 9. Let c = 64 + -57. What is the remainder when ((-1)/v)/((-4)/132) is divided by c?
4
Let p(k) = 21*k**2 + 2*k. Let s be p(-1). Let y = -13 + s. Calculate the remainder when 23 is divided by y.
5
Suppose 3*d + 1566 = 2*j, 10*d - 793 = -j + 9*d. What is the remainder when j is divided by 113?
111
Let m(s) = -4*s**3 - 28*s**2 + s + 37. Calculate the remainder when 327 is divided by m(-7).
27
Let k(y) = 4 - 10*y + y**3 - y**2 - 2*y**2 + 5*y**2 + 3*y**2. What is the remainder when (1 - 2)/((-4)/212) is divided by k(-6)?
25
Suppose 4*b = t - 2 + 4, -69 = -3*t - 3*b. Calculate the remainder when (-6)/(-18) + (-155)/(-3) is divided by t.
16
Calculate the remainder when 85 - (2 - -7 - -7) is divided by ((-21)/(-2))/3*2.
6
Suppose -27*f + 719 = -37. Calculate the remainder when 36 is divided by f.
8
Suppose 3*k = -2*l - 2*l + 44, 2*l - 4*k = 0. Suppose 5*n = 3*n + l. Suppose 100 = n*u - 176. What is the remainder when u is divided by 18?
15
Suppose 4*f - 167 = 7*p - 8*p, 4*p - 4*f - 568 = 0. Calculate the remainder when p is divided by 30.
27
Let y(k) = k**3 - k**2 - k - 4. Let j be 0/(-2 + 3 + -2). Let i be y(j). What is the remainder when 1098/30 + i/(-10) is divided by 13?
11
Let b = 430 - 417. Calculate the remainder when 154 is divided by b.
11
Let i be 4/(-18) + 8/36. Suppose i = -2*b - 4*l + 143 + 71, 4*b = l + 401. Let u = b - 64. Calculate the remainder when u is divided by 13.
11
Let s be ((-10)/15)/((-932)/924 - -1). Suppose -s = 3*j - 10*j. What is the remainder when j is divided by 8?
3
Suppose -7*a + 11*a - 96 = 0. Let v be (a/(-15))/(3/15). Let x(o) = -2*o - 1. What is the remainder when 88 is divided by x(v)?
13
Suppose -d + 7*k - 2*k + 5 = 0, -3*d + 15 = -4*k. Suppose -39 = -d*m + 36. What is the remainder when m is divided by 176/28 + (-2)/7?
3
Let n = 547 + -560. Let g(y) = y**2 - y. Let z be g(5). Let m = n + z. What is the remainder when m is divided by 3?
1
Suppose 4*i + 1536 = 5*q, -4*q - 4*i = -2*q - 620. What is the remainder when q is divided by 50?
8
What is the remainder when (23/(-15)*3 - -5)*30 is divided by 3?
0
Suppose 4*v - 36 = 28. Let a = 45 - v. Let w(x) = 3*x**3 - 2*x**2 + x - 2. What is the remainder when a is divided by w(2)?
13
Suppose 152*k - 151*k = 143. What is the remainder when 305 is divided by k?
19
Let j(p) = p**3 - 6*p**2 - 8*p + 1. Let y be j(-4). Let b = -109 - y. Calculate the remainder when 66 is divided by b.
12
Calculate the remainder when 1 + (18/(-3) - -50) is divided by 5.
0
Suppose -26*p = -679 - 49. What is the remainder when p is divided by 73/5 + 4/10?
13
Suppose 5*q - 4*t = 1342, 5*q + 2*t - 4*t = 1336. Calculate the remainder when q is divided by 54.
50
Let l = -218 + 768. Suppose 12*p - p = l. Calculate the remainder when p is divided by 14.
8
Let a be -10 - (3 - (-3 - -7)). Let n = 118 + a. Calculate the remainder when n is divided by 22.
21
Suppose 15*q + 561 = 48*q. Calculate the remainder when 47 is divided by q.
13
Let u = 88 - 82. What is the remainder when 46 is divided by u?
4
Let u(c) = -c**3 - 12*c**2 + 11*c - 25. Let z be u(-13). Let j(y) = 14*y - 1. Calculate the remainder when (-4)/(-14) + (-1799)/(-49) is divided by j(z).
11
Calculate the remainder when (-30)/45*(-2646)/12 is divided by 40.
27
Let o = 325 + -34. Let l = o + -206. What is the remainder when l is divided by 22?
19
Suppose 82 = 3*k + 5*u + 249, 0 = 5*k + 5*u + 295. Let r be 6/21 - k/(-28). Calculate the remainder when 71 is divided by -1*1*(r + -23).
21
Suppose 0 = s - 3*z - 53, 0 = 2*s - 5*z - 101. Let i = 0 - -2. Suppose -29 = -i*c - 3. Calculate the remainder when s is divided by c.
12
Let c = 511 + -493. Calculate the remainder when 53 is divided by c.
17
Let m(n) = 3*n**2 + 12*n - 17. What is the remainder when m(-8) is divided by 9?
7
Suppose 6 = 30*b - 33*b, -b = 2*w - 40. What is the remainder when 64 is divided by w?
1
Let j(p) = 2*p + 33. Let b(q) = -2*q - 33. Let w(f) = -3*b(f) - 2*j(f). Calculate the remainder when w(13) is divided by 33.
26
Suppose 253 = -10*j + 733. Calculate the remainder when j is divided by 39.
9
Let t(h) = -7*h + 107. What is the remainder when 191 is divided by t(6)?
61
Suppose 4*f + 2*h = 22, f - 3*f = -3*h + 9. Suppose 5 = f*g - 19. What is the remainder when g is divided by (-64)/(-20) - 2/10?
2
Let a(q) = q**2 - 21*q + 38. Let o be a(19). Suppose o = 9*i - 14*i + 620. Calculate the remainder when i is divided by 18.
16
Let f(m) = -2*m**3 - 12*m**2 + 15*m + 21. What is the remainder when f(-9) is divided by 11?
9
Let h(k) = -k**3 - 5*k**2 - k + 6. Let n be (-2)/4*(5 + -3). Let m be (n/1)/(3/15). Calculate the remainder when 32 is divided by h(m).
10
Let j = 18 + -15. Suppose -5*h + 243 = j*y, -h + 2*h - y = 55. Suppose -5*o = 2*n - 48, -4*n + 3*o = -n - h. What is the remainder when n is divided by 5?
4
Let w(o) = -o**3 + 3*o**2 - 6*o + 11. Let a(s) = 2*s**3 - 5*s**2 + 13*s - 21. Let u(y) = -2*a(y) - 5*w(y). Calculate the remainder when 17 is divided by u(5).
3
Let h(q) = -3*q + 51. What is the remainder when 701 is divided by h(-9)?
77
Let t(z) = z + 482. Calculate the remainder when t(0) is divided by 5.
2
Let n(z) = 19*z**2 + 16*z + 58. What is the remainder when n(-6) is divided by 59?
56
Suppose -z = -n + 17, 7 = -4*z + 3. What is the remainder when 956 is divided by n?
12
Suppose 110 = 2*i + 2. Let q(l) = l**2 - 11*l - 94. Calculate the remainder when i is divided by q(-6).
6
Let j = 3 - 1. Suppose -j*q + 48 = 2*q. Calculate the remainder when q is divided by (24/36)/(2/21).
5
Let h(b) = -6*b. Let f be h(1). Let z be (-3135)/(-25) + f/(-10). Suppose 3*y - z = -0*y. Calculate the remainder when y is divided by 11.
9
Let w = -149 - -151. Calculate the remainder when 31 is divided by w.
1
Let t = 1034 + -1010. Calculate the remainder when 70 is divided by t.
22
Let f(x) = x**3 - 7*x**2 + x - 4. Let p be f(6). Let r = p - -52. Suppose 0 = 3*j - 83 - 73. Calculate the remainder when j is divided by r.
16
Let j = -1 - -79. Let d(t) = -t**3 - 6*t**2 - 14*t + 1. Calculate the remainder when j is divided by d(-3).
14
Suppose -708*i + 704*i + 28 = 0. What is the remainder when 1502 is divided by i?
4
Suppose -4*i = -2*x - 54, -23 - 37 = -4*i + 4*x. Calculate the remainder when 22 is divided by i.
10
Suppose -3*i + 52 = -9*p + 7*p, 3*p = 3*i - 51. What is the remainder when 86 is divided by i?
14
Suppose -5*v - 16 = -4*h, 2*h = -2*v - 11 + 1. Calculate the remainder when 24 is divided by ((h - 5)/6)/((-2)/28).
10
Suppose c = 2*a + 11, -4*a - a + 4 = c. Let z(j) = j**3 + 5*j**2 + 2*j - 2. Calculate the remainder when c is divided by z(-4).
3
Let m = -25 - -96. Suppose 5*x + 15 = 6*x. What is the remainder when m is divided by x?
11
Suppose 25*a + 2057 = 5682. What is the remainder when a is divided by 48?
1
Let l(j) = 21*j + 13. Suppose -6 = 2*d, -n + 2 = -d + 2*d. Calculate the remainder when l(n) is divided by 20.
18
Let a(j) = -j**3 + 8*j**2 - 7*j - 1. Let t(p) be the first derivative of p**2/2 + 13*p - 5. Let s be t(-7). Calculate the remainder when a(s) is divided by 8.
5
Let w(s) = 7*s**2 + 8*s + 54. Calculate the remainder when w(-6) is divided by 124.
10
Suppose 5*n - 442 = 2218. Calculate the remainder when n is divided by 13.
12
Let n(c) = -181*c - 2. Calculate the remainder when n(-3) is divided by 5.
1
What is the remainder when 35*(-6)/(-15)*(-15)/(-2) is divided by 28?
21
Let v(f) be the second derivative of 11*f**4/6 + f**3/3 - 5*f**2/2 + 5*f. Calculate the remainder when v(2) is divided by 18.
15
Suppose -15 = -5*z, 0 = v - 0*z + 2*z - 6. Calculate the remainder when 17 is divided by (-8 + 9)*(5 + v + 0).
2
Suppose -3*k + 4 = -23. Let f(x) = x**3 - 2*x**2 + x + 2. What is the remainder when f(3) is divided by (-22)/(-6) - k/(-27)?
2
Let a(c) = 8*c**2 + 1 + 1 - 3 - c. What is the remainder when (2*2/10)/(4/310) is divided by a(-1)?
7
Suppose 4*z + 2*a - 594 = -a, a = 2. Let r = 228 - z. Suppose -3*k + 13 = x, 0 = 2*k + 7 + 3. Calculate the remainder when r is divided by x.
25
Let n = -27 + 24. What is the remainder when (-267)/n - (-3 + 3) is divided by 23?
20
Let w(s) = -s**2 + 8*s. Let f be 7*((-2 - 1) + 4). What is the remainder when (0 - (-3 + 